factor of 1495 and 599219?
23
What is the greatest common divisor of 84 and 296529972?
12
Calculate the highest common divisor of 1840 and 722085.
115
What is the highest common factor of 375335 and 4065?
1355
What is the highest common divisor of 640 and 831030?
10
What is the highest common divisor of 5220767 and 1?
1
What is the greatest common divisor of 43911452 and 3848?
1924
Calculate the highest common divisor of 32 and 499829128.
8
Calculate the highest common factor of 1777455 and 1035.
45
Calculate the highest common divisor of 32618 and 769646.
694
Calculate the highest common factor of 476805 and 38.
19
What is the greatest common divisor of 142 and 294710?
2
What is the greatest common factor of 5814480 and 560?
560
What is the greatest common factor of 315 and 31835223?
63
Calculate the greatest common factor of 72951747 and 66.
33
Calculate the highest common divisor of 4269945 and 310.
5
What is the greatest common divisor of 159800286 and 6?
6
Calculate the greatest common factor of 9520 and 5104938160.
9520
Calculate the highest common factor of 390631 and 3007.
31
Calculate the greatest common divisor of 451149 and 69.
3
What is the greatest common factor of 27 and 18120321?
27
Calculate the highest common factor of 760152 and 12.
12
Calculate the greatest common divisor of 69664 and 164051256.
2488
Calculate the greatest common factor of 5379285 and 235155.
915
What is the greatest common divisor of 459928888 and 5944?
5944
Calculate the highest common factor of 14720104 and 71638.
602
What is the highest common factor of 573 and 12941587?
191
Calculate the greatest common factor of 1036 and 146362972.
1036
Calculate the highest common divisor of 36281 and 14616.
7
Calculate the greatest common divisor of 1320 and 1682840.
40
What is the greatest common divisor of 6199902 and 96?
6
Calculate the highest common divisor of 546 and 124446.
42
Calculate the highest common factor of 23533 and 2157114.
233
Calculate the highest common factor of 321608577 and 762.
381
What is the greatest common factor of 68199098 and 22?
22
What is the highest common factor of 534 and 9319368?
534
Calculate the highest common factor of 514 and 456560243.
257
Calculate the highest common factor of 1059730 and 357.
7
Calculate the greatest common factor of 28507 and 18821.
29
What is the greatest common divisor of 1288 and 36251726?
322
Calculate the highest common divisor of 8372293 and 17264.
83
Calculate the greatest common divisor of 14255618 and 5590.
1118
Calculate the highest common divisor of 6942 and 65591487.
3471
What is the greatest common factor of 177416 and 910912?
2648
Calculate the highest common factor of 91 and 118045265.
13
What is the greatest common factor of 48370 and 161630?
70
Calculate the highest common factor of 2713 and 3299075825.
2713
What is the highest common divisor of 697861526 and 68?
34
Calculate the greatest common divisor of 84 and 92838.
6
Calculate the highest common factor of 8130713 and 111.
37
What is the greatest common divisor of 325 and 8098300?
25
What is the highest common divisor of 41 and 3287503?
41
What is the highest common divisor of 897623 and 65377?
107
What is the highest common divisor of 95009820 and 140?
20
What is the greatest common factor of 18629326 and 22058?
538
What is the highest common factor of 8715 and 176365?
35
Calculate the greatest common factor of 689 and 9352486.
689
What is the highest common divisor of 104 and 88559198?
26
What is the greatest common factor of 31 and 393142403?
31
What is the greatest common factor of 97311474 and 234?
234
What is the greatest common factor of 6162 and 4756827?
237
Calculate the greatest common factor of 207266478 and 627.
57
What is the highest common factor of 4786696 and 7709?
593
Calculate the greatest common factor of 48351530 and 2.
2
Calculate the highest common factor of 382 and 150240218.
382
What is the highest common divisor of 8341 and 1867067?
439
Calculate the greatest common factor of 96 and 11547152.
16
What is the greatest common factor of 6503823 and 1665?
333
What is the greatest common factor of 18563853 and 154?
77
What is the greatest common divisor of 504 and 2573942?
14
Calculate the greatest common factor of 12473512 and 123.
41
Calculate the highest common divisor of 527298 and 1679.
23
Calculate the highest common factor of 347434 and 5434.
38
What is the greatest common divisor of 12619593 and 17?
17
Calculate the greatest common divisor of 436080 and 410010.
2370
Calculate the highest common factor of 2632882 and 103334.
854
Calculate the highest common factor of 1107253 and 19649.
49
What is the highest common factor of 11067 and 163959?
93
Calculate the greatest common factor of 3133 and 3388281.
13
What is the highest common factor of 526892 and 4396?
628
What is the highest common factor of 3204579 and 861?
21
Calculate the highest common divisor of 806 and 22500400.
26
What is the greatest common factor of 3820 and 43759055?
955
Calculate the highest common factor of 562392 and 201480.
1752
What is the greatest common divisor of 111864 and 5064216?
1896
Calculate the greatest common divisor of 67675968 and 8.
8
What is the greatest common factor of 979235 and 34730?
755
What is the greatest common factor of 80 and 837339850?
10
Calculate the highest common factor of 26 and 437481031.
13
What is the highest common factor of 149923 and 34?
17
What is the highest common divisor of 8741546 and 2398?
22
Calculate the greatest common factor of 4948995 and 7364956.
10643
What is the highest common factor of 18 and 1807371?
9
What is the greatest common factor of 658 and 18322?
2
Calculate the highest common factor of 1133288195 and 7930.
3965
What is the greatest common divisor of 59484 and 4695?
3
Calculate the greatest common divisor of 89828 and 26452.
68
Calculate the greatest common divisor of 771873 and 2043.
3
Calculate the greatest common factor of 179162523 and 54.
27
What is the greatest common divisor of 378 and 1253957418?
126
What is the greatest common divisor of 300 and 2140320?
60
Calculate the greatest common divisor of 133530876 and 1620.
108
What is the highest common divisor of 3582796 and 20696?
796
Calculate the greatest common divisor of 38800 and 149000.
200
Calculate the greatest common factor of 164 and 731668.
4
Calculate the greatest common factor of 142221233 and 154.
77
Calculate the greatest common factor of 65 and 192205780.
65
What is the highest common divisor of 23313374 and 428?
214
Calculate the greatest common factor of 85314 and 148680.
354
What is the greatest common divisor of 152471812 and 236?
236
What is the highest common divisor of 9500880 and 95?
5
Calculate the greatest common factor of 62948752 and 14160.
944
Calculate the highest common divisor of 162265870 and 520.
130
What is the greatest common factor of 4198172 and 396?
44
Calculate the greatest common factor of 1425918 and 1448.
362
What is the greatest common factor of 52 and 1335401132?
52
Calculate the greatest common factor of 858660 and 14025.
165
Calculate the greatest common divisor of 664950 and 27.
3
What is the greatest common factor of 14522118 and 86469?
2337
Calculate the highest common factor of 651098143 and 2045.
409
What is the greatest common factor of 21597798 and 2694?
2694
Calculate the greatest common divisor of 23226250 and 68.
34
What is the greatest common divisor of 18 and 8551500?
6
Calculate the greatest common divisor of 50426990 and 20070.
2230
What is the greatest common divisor of 146511 and 334413?
657
Calculate the greatest common factor of 16485 and 86618784.
3297
Calculate the highest common divisor of 468 and 224823924.
468
Calculate the highest common factor of 34680 and 46850.
10
Calculate the greatest common divisor of 1224 and 506248.
8
What is the greatest common divisor of 475 and 20601695?
5
What is the greatest common divisor of 2454924 and 745?
149
Calculate the greatest common divisor of 56 and 364845740.
28
What is the highest common factor of 42 and 2079093324?
42
Calculate the greatest common factor of 19631300 and 240.
20
What is the greatest common factor of 222 and 2981164?
74
Calculate the greatest common divisor of 54 and 710541369.
27
Calculate 